{"id":13,"date":"2026-02-17T22:29:31","date_gmt":"2026-02-17T21:29:31","guid":{"rendered":"http:\/\/mojenoveauto.cz\/?page_id=13"},"modified":"2026-02-22T17:56:21","modified_gmt":"2026-02-22T16:56:21","slug":"home","status":"publish","type":"page","link":"https:\/\/mojenoveauto.cz\/","title":{"rendered":"Moje nov\u00e9 auto"},"content":{"rendered":"\n<div class=\"wp-block-cover alignfull is-light hestia-clear-top-padding\"><span aria-hidden=\"true\" class=\"wp-block-cover__background has-white-background-color has-background-dim-100 has-background-dim\"><\/span><div class=\"wp-block-cover__inner-container is-layout-flow wp-block-cover-is-layout-flow\">\n<h2 class=\"wp-block-heading has-text-align-center has-text-color\" style=\"color:#3c4858\">Pro\u010d vyu\u017e\u00edt m\u00fdch slu\u017eeb p\u0159i v\u00fdb\u011bru nov\u00e9ho vozu?<\/h2>\n\n\n\n<div style=\"height:40px\" aria-hidden=\"true\" class=\"wp-block-spacer\"><\/div>\n\n\n\n<figure class=\"wp-block-embed is-provider-youtube wp-block-embed-youtube\"><div align=center class=\"wp-block-embed__wrapper\">\n<iframe loading=\"lazy\" title=\"Vyb\u00edr\u00e1te nov\u00e9 auto? R\u00e1d V\u00e1m pomohu!\" width=\"750\" height=\"422\" src=\"https:\/\/www.youtube.com\/embed\/g4MYp3D4WUM?feature=oembed\" frameborder=\"0\" allow=\"accelerometer; autoplay; clipboard-write; encrypted-media; gyroscope; picture-in-picture; web-share\" referrerpolicy=\"strict-origin-when-cross-origin\" allowfullscreen><\/iframe> \n<\/div><\/figure>\n\n\n\n<div class=\"wp-block-columns container is-layout-flex wp-container-core-columns-is-layout-28f84493 wp-block-columns-is-layout-flex\">\n<div class=\"wp-block-column is-layout-flow wp-block-column-is-layout-flow\"><div class=\"wp-block-image\">\n<figure class=\"aligncenter size-large\"><img decoding=\"async\" src=\"http:\/\/mojenoveauto.cz\/wp-content\/themes\/hestia\/assets\/img\/feat1.png\" alt=\"\" class=\"wp-image-70\"\/><\/figure>\n<\/div>\n\n\n<h5 class=\"wp-block-heading has-text-align-center has-text-color\" style=\"color:#3c4858;font-size:18px\">Dlouholet\u00e9 znalosti<\/h5>\n\n\n\n<p class=\"has-text-align-center has-text-color\" style=\"color:#999999;font-size:14px\">Jako b\u00fdval\u00fd vedouc\u00ed obchodn\u00edho a technick\u00e9ho t\u00fdmu u import\u00e9r\u016f a autorizovan\u00fdch dealer\u016f automobil\u016f dokonale rozum\u00edm technice, v\u00fdbav\u00e1m i financov\u00e1n\u00ed.<\/p>\n\n\n\n<div style=\"height:25px\" aria-hidden=\"true\" class=\"wp-block-spacer\"><\/div>\n<\/div>\n\n\n\n<div class=\"wp-block-column is-layout-flow wp-block-column-is-layout-flow\"><div class=\"wp-block-image\">\n<figure class=\"aligncenter size-large\"><img decoding=\"async\" src=\"http:\/\/mojenoveauto.cz\/wp-content\/themes\/hestia\/assets\/img\/feat2.png\" alt=\"\" class=\"wp-image-71\"\/><\/figure>\n<\/div>\n\n\n<h5 class=\"wp-block-heading has-text-align-center has-text-color\" style=\"color:#3c4858;font-size:18px\">Sd\u00edlen\u00ed zku\u0161enost\u00ed<\/h5>\n\n\n\n<p class=\"has-text-align-center has-text-color\" style=\"color:#999999;font-size:14px\">\u00dasp\u011bch znamen\u00e1 mo\u017enost volby. A tak\u00e9 svobodu nep\u0159em\u00fd\u0161let nad v\u011bcmi, kter\u00e9 mohou \u0159e\u0161it jin\u00ed \u2013 l\u00e9pe a efektivn\u011bji.<\/p>\n\n\n\n<div style=\"height:25px\" aria-hidden=\"true\" class=\"wp-block-spacer\"><\/div>\n<\/div>\n\n\n\n<div class=\"wp-block-column is-layout-flow wp-block-column-is-layout-flow\"><div class=\"wp-block-image\">\n<figure class=\"aligncenter size-large\"><img decoding=\"async\" src=\"http:\/\/mojenoveauto.cz\/wp-content\/themes\/hestia\/assets\/img\/feat3.png\" alt=\"\" class=\"wp-image-72\"\/><\/figure>\n<\/div>\n\n\n<h5 class=\"wp-block-heading has-text-align-center has-text-color\" style=\"color:#3c4858;font-size:18px\">Odpov\u011bdnost p\u0159i v\u00fdb\u011bru<\/h5>\n\n\n\n<p class=\"has-text-align-center has-text-color\" style=\"color:#999999;font-size:14px\">Nechcete studovat auta. Chcete to spr\u00e1vn\u00e9.<br>M\u00e1te zodpov\u011bdnou pozici, dobr\u00fd p\u0159\u00edjem a vysok\u00e9 n\u00e1roky. Ale kdy\u017e p\u0159ijde na v\u00fdb\u011br nov\u00e9ho auta? Marketing, technick\u00e9 \u0159e\u010di, \u201ev\u00fdhodn\u00e9 bal\u00ed\u010dky\u201c a tlak na rychl\u00e9 rozhodnut\u00ed.<br>Tohle nen\u00ed va\u0161e pr\u00e1ce. A nem\u011bla by b\u00fdt.<\/p>\n\n\n\n<div style=\"height:25px\" aria-hidden=\"true\" class=\"wp-block-spacer\"><\/div>\n<\/div>\n<\/div>\n\n\n\n<div style=\"height:40px\" aria-hidden=\"true\" class=\"wp-block-spacer\"><\/div>\n<\/div><\/div>\n\n\n\n<div class=\"wp-block-columns container is-layout-flex wp-container-core-columns-is-layout-28f84493 wp-block-columns-is-layout-flex\">\n<div class=\"wp-block-column col-md-5 is-layout-flow wp-block-column-is-layout-flow\">\n<div style=\"height:55px\" aria-hidden=\"true\" class=\"wp-block-spacer\"><\/div>\n\n\n\n<h2 class=\"wp-block-heading\">Kdo jsem<\/h2>\n\n\n\n<p>Jsem Petr Kr\u00e1l\u00edk, b\u00fdval\u00fd vedouc\u00ed obchodn\u00edho a technick\u00e9ho t\u00fdmu u import\u00e9r\u016f a autorizovan\u00fdch dealer\u016f automobil\u016f, dokonale rozum\u00edm technice, v\u00fdbav\u00e1m i financov\u00e1n\u00ed. V\u00edm, kter\u00e9 motory d\u00e1vaj\u00ed smysl, kter\u00e9 \u201ev\u00fdhodn\u00e9 bal\u00ed\u010dky\u201c jsou opravdu v\u00fdhodn\u00e9 \u2013 a kter\u00e9 jsou jen marketing. Sleduji rozd\u00edly mezi zna\u010dkami, verzemi i dopl\u0148ky, kter\u00e9 ovlivn\u00ed v\u00e1\u0161 ka\u017edodenn\u00ed komfort i budouc\u00ed hodnotu vozu.<\/p>\n<\/div>\n\n\n\n<div class=\"wp-block-column col-md-6 col-md-offset1 is-layout-flow wp-block-column-is-layout-flow\">\n<div style=\"height:55px\" aria-hidden=\"true\" class=\"wp-block-spacer\"><\/div>\n\n\n\n<figure class=\"wp-block-image size-full\"><img loading=\"lazy\" decoding=\"async\" width=\"990\" height=\"753\" src=\"https:\/\/mojenoveauto.cz\/wp-content\/uploads\/2026\/02\/P1036194-b.jpg\" alt=\"\" class=\"wp-image-80\" srcset=\"https:\/\/mojenoveauto.cz\/wp-content\/uploads\/2026\/02\/P1036194-b.jpg 990w, https:\/\/mojenoveauto.cz\/wp-content\/uploads\/2026\/02\/P1036194-b-300x228.jpg 300w, https:\/\/mojenoveauto.cz\/wp-content\/uploads\/2026\/02\/P1036194-b-768x584.jpg 768w\" sizes=\"auto, (max-width: 990px) 100vw, 990px\" \/><\/figure>\n\n\n\n<p><\/p>\n<\/div>\n<\/div>\n\n\n\n<p><\/p>\n","protected":false},"excerpt":{"rendered":"<p>Kdo jsem Jsem Petr Kr\u00e1l\u00edk, b\u00fdval\u00fd vedouc\u00ed obchodn\u00edho a technick\u00e9ho t\u00fdmu u import\u00e9r\u016f a autorizovan\u00fdch dealer\u016f automobil\u016f, dokonale rozum\u00edm technice, v\u00fdbav\u00e1m i financov\u00e1n\u00ed. V\u00edm, kter\u00e9 motory d\u00e1vaj\u00ed smysl, kter\u00e9 \u201ev\u00fdhodn\u00e9 bal\u00ed\u010dky\u201c jsou opravdu v\u00fdhodn\u00e9 \u2013 a kter\u00e9 jsou jen marketing. Sleduji rozd\u00edly mezi zna\u010dkami, verzemi i dopl\u0148ky, kter\u00e9 ovlivn\u00ed v\u00e1\u0161 [&hellip;]<\/p>\n","protected":false},"author":1,"featured_media":0,"parent":0,"menu_order":0,"comment_status":"closed","ping_status":"closed","template":"","meta":{"footnotes":""},"class_list":["post-13","page","type-page","status-publish","hentry"],"_links":{"self":[{"href":"https:\/\/mojenoveauto.cz\/index.php\/wp-json\/wp\/v2\/pages\/13","targetHints":{"allow":["GET"]}}],"collection":[{"href":"https:\/\/mojenoveauto.cz\/index.php\/wp-json\/wp\/v2\/pages"}],"about":[{"href":"https:\/\/mojenoveauto.cz\/index.php\/wp-json\/wp\/v2\/types\/page"}],"author":[{"embeddable":true,"href":"https:\/\/mojenoveauto.cz\/index.php\/wp-json\/wp\/v2\/users\/1"}],"replies":[{"embeddable":true,"href":"https:\/\/mojenoveauto.cz\/index.php\/wp-json\/wp\/v2\/comments?post=13"}],"version-history":[{"count":13,"href":"https:\/\/mojenoveauto.cz\/index.php\/wp-json\/wp\/v2\/pages\/13\/revisions"}],"predecessor-version":[{"id":121,"href":"https:\/\/mojenoveauto.cz\/index.php\/wp-json\/wp\/v2\/pages\/13\/revisions\/121"}],"wp:attachment":[{"href":"https:\/\/mojenoveauto.cz\/index.php\/wp-json\/wp\/v2\/media?parent=13"}],"curies":[{"name":"wp","href":"https:\/\/api.w.org\/{rel}","templated":true}]}}